{"id":563,"date":"2024-05-26T18:29:04","date_gmt":"2024-05-26T22:29:04","guid":{"rendered":"https:\/\/cerogradorefrigeracion.cl\/?post_type=product&#038;p=563"},"modified":"2024-11-10T18:16:06","modified_gmt":"2024-11-10T21:16:06","slug":"bombas-de-vacio-3cfm","status":"publish","type":"product","link":"https:\/\/cerogradorefrigeracion.cl\/?product=bombas-de-vacio-3cfm","title":{"rendered":"Bombas de Vacio 3CFM"},"content":{"rendered":"<p>Con una capacidad de 3CFM, esta bomba de vac\u00edo industrial mec\u00e1nica es la soluci\u00f3n ideal para extraer gases o l\u00edquidos del interior de sistemas, recipientes o tuber\u00edas, reduciendo la presi\u00f3n a niveles inferiores a los de la atm\u00f3sfera<\/p>\n","protected":false},"excerpt":{"rendered":"<p>Bombas de Vacio 3CFM<\/p>\n","protected":false},"featured_media":238,"comment_status":"closed","ping_status":"closed","template":"","meta":{"_et_pb_use_builder":"","_et_pb_old_content":"","_et_gb_content_width":"","jetpack_post_was_ever_published":false},"product_brand":[],"product_cat":[25],"product_tag":[53,26],"class_list":{"0":"post-563","1":"product","2":"type-product","3":"status-publish","4":"has-post-thumbnail","6":"product_cat-repuestos-refrigeracion-y-aire-acondicionado","7":"product_tag-bomba-de-vacio","8":"product_tag-repuestos-refrigeracion-y-aire-acondicionado","10":"first","11":"instock","12":"taxable","13":"shipping-taxable","14":"purchasable","15":"product-type-simple"},"aioseo_notices":[],"jetpack_sharing_enabled":true,"_links":{"self":[{"href":"https:\/\/cerogradorefrigeracion.cl\/index.php?rest_route=\/wp\/v2\/product\/563","targetHints":{"allow":["GET"]}}],"collection":[{"href":"https:\/\/cerogradorefrigeracion.cl\/index.php?rest_route=\/wp\/v2\/product"}],"about":[{"href":"https:\/\/cerogradorefrigeracion.cl\/index.php?rest_route=\/wp\/v2\/types\/product"}],"replies":[{"embeddable":true,"href":"https:\/\/cerogradorefrigeracion.cl\/index.php?rest_route=%2Fwp%2Fv2%2Fcomments&post=563"}],"wp:featuredmedia":[{"embeddable":true,"href":"https:\/\/cerogradorefrigeracion.cl\/index.php?rest_route=\/wp\/v2\/media\/238"}],"wp:attachment":[{"href":"https:\/\/cerogradorefrigeracion.cl\/index.php?rest_route=%2Fwp%2Fv2%2Fmedia&parent=563"}],"wp:term":[{"taxonomy":"product_brand","embeddable":true,"href":"https:\/\/cerogradorefrigeracion.cl\/index.php?rest_route=%2Fwp%2Fv2%2Fproduct_brand&post=563"},{"taxonomy":"product_cat","embeddable":true,"href":"https:\/\/cerogradorefrigeracion.cl\/index.php?rest_route=%2Fwp%2Fv2%2Fproduct_cat&post=563"},{"taxonomy":"product_tag","embeddable":true,"href":"https:\/\/cerogradorefrigeracion.cl\/index.php?rest_route=%2Fwp%2Fv2%2Fproduct_tag&post=563"}],"curies":[{"name":"wp","href":"https:\/\/api.w.org\/{rel}","templated":true}]}}