{"id":577,"date":"2024-05-26T18:29:25","date_gmt":"2024-05-26T22:29:25","guid":{"rendered":"https:\/\/cerogradorefrigeracion.cl\/?post_type=product&#038;p=577"},"modified":"2025-05-13T09:06:49","modified_gmt":"2025-05-13T13:06:49","slug":"cinta-multiuso-americana","status":"publish","type":"product","link":"https:\/\/cerogradorefrigeracion.cl\/?product=cinta-multiuso-americana","title":{"rendered":"Cinta Multiuso americana"},"content":{"rendered":"<p>La Cinta adhesiva americana es una cinta de tela que est\u00e1 cubierta por una pel\u00edcula de polietileno cuyas caracter\u00edsticas m\u00e1s importantes es que resisten sin problemas distintas condiciones exteriores, alta temperatura, humedad etc, su adhesivo es de caucho sint\u00e9tico permitiendo una alta adherencia a distintos tipos de superficies, resistente al calor para rejillas de ventilacion, sellado de HVAC resistente a alta temperatura.<\/p>\n","protected":false},"excerpt":{"rendered":"<p>Cinta Multiuso americana<\/p>\n","protected":false},"featured_media":253,"comment_status":"closed","ping_status":"closed","template":"","meta":{"_et_pb_use_builder":"","_et_pb_old_content":"","_et_gb_content_width":"","jetpack_post_was_ever_published":false},"product_brand":[],"product_cat":[22],"product_tag":[58,23],"class_list":{"0":"post-577","1":"product","2":"type-product","3":"status-publish","4":"has-post-thumbnail","6":"product_cat-herramientas-e-insumos-refrigeracion","7":"product_tag-cinta","8":"product_tag-herramientas-e-insumos-refrigeracion","10":"first","11":"instock","12":"taxable","13":"shipping-taxable","14":"purchasable","15":"product-type-simple"},"aioseo_notices":[],"jetpack_sharing_enabled":true,"_links":{"self":[{"href":"https:\/\/cerogradorefrigeracion.cl\/index.php?rest_route=\/wp\/v2\/product\/577","targetHints":{"allow":["GET"]}}],"collection":[{"href":"https:\/\/cerogradorefrigeracion.cl\/index.php?rest_route=\/wp\/v2\/product"}],"about":[{"href":"https:\/\/cerogradorefrigeracion.cl\/index.php?rest_route=\/wp\/v2\/types\/product"}],"replies":[{"embeddable":true,"href":"https:\/\/cerogradorefrigeracion.cl\/index.php?rest_route=%2Fwp%2Fv2%2Fcomments&post=577"}],"wp:featuredmedia":[{"embeddable":true,"href":"https:\/\/cerogradorefrigeracion.cl\/index.php?rest_route=\/wp\/v2\/media\/253"}],"wp:attachment":[{"href":"https:\/\/cerogradorefrigeracion.cl\/index.php?rest_route=%2Fwp%2Fv2%2Fmedia&parent=577"}],"wp:term":[{"taxonomy":"product_brand","embeddable":true,"href":"https:\/\/cerogradorefrigeracion.cl\/index.php?rest_route=%2Fwp%2Fv2%2Fproduct_brand&post=577"},{"taxonomy":"product_cat","embeddable":true,"href":"https:\/\/cerogradorefrigeracion.cl\/index.php?rest_route=%2Fwp%2Fv2%2Fproduct_cat&post=577"},{"taxonomy":"product_tag","embeddable":true,"href":"https:\/\/cerogradorefrigeracion.cl\/index.php?rest_route=%2Fwp%2Fv2%2Fproduct_tag&post=577"}],"curies":[{"name":"wp","href":"https:\/\/api.w.org\/{rel}","templated":true}]}}