{"id":627,"date":"2024-05-26T18:30:06","date_gmt":"2024-05-26T22:30:06","guid":{"rendered":"https:\/\/cerogradorefrigeracion.cl\/?post_type=product&#038;p=627"},"modified":"2025-11-26T11:53:05","modified_gmt":"2025-11-26T14:53:05","slug":"refrigerante-r290","status":"publish","type":"product","link":"https:\/\/cerogradorefrigeracion.cl\/?product=refrigerante-r290","title":{"rendered":"Refrigerante R290"},"content":{"rendered":"<p>El R290 es un tipo de gas refrigerante natural tambi\u00e9n conocido como propano. Se trata de un hidrocarburo puro que se encuentra en estado gaseoso a temperatura y presi\u00f3n ambiente. Debido a sus propiedades termodin\u00e1micas favorables, el R290 es utilizado como refrigerante en sistemas de refrigeraci\u00f3n y aire acondicionado en lugar de los gases refrigerantes sint\u00e9ticos m\u00e1s comunes como el R22 o el R410A.<\/p>\n<p>Adem\u00e1s el gas R290 es un gas refrigerante muy amigable con el medio ambiente, ya que su impacto sobre el calentamiento global es muy bajo debido a que al ser un gas puro no contiene agentes qu\u00edmicos que emiten gases de efecto invernadero sobre la atm\u00f3sfera. Adem\u00e1s, es un gas muy eficiente en t\u00e9rminos de consumo energ\u00e9tico, lo que lo hace una alternativa viable y sostenible a los gases refrigerantes sint\u00e9ticos<\/p>\n","protected":false},"excerpt":{"rendered":"<p>Refrigerante R290<\/p>\n","protected":false},"featured_media":309,"comment_status":"closed","ping_status":"closed","template":"","meta":{"_et_pb_use_builder":"","_et_pb_old_content":"","_et_gb_content_width":"","jetpack_post_was_ever_published":false},"product_brand":[],"product_cat":[87],"product_tag":[92,74,88],"class_list":{"0":"post-627","1":"product","2":"type-product","3":"status-publish","4":"has-post-thumbnail","6":"product_cat-refrigerantes-y-aceites","7":"product_tag-r290","8":"product_tag-refrigerante","9":"product_tag-refrigerantes-y-aceites","11":"first","12":"instock","13":"taxable","14":"shipping-taxable","15":"purchasable","16":"product-type-simple"},"aioseo_notices":[],"jetpack_sharing_enabled":true,"_links":{"self":[{"href":"https:\/\/cerogradorefrigeracion.cl\/index.php?rest_route=\/wp\/v2\/product\/627","targetHints":{"allow":["GET"]}}],"collection":[{"href":"https:\/\/cerogradorefrigeracion.cl\/index.php?rest_route=\/wp\/v2\/product"}],"about":[{"href":"https:\/\/cerogradorefrigeracion.cl\/index.php?rest_route=\/wp\/v2\/types\/product"}],"replies":[{"embeddable":true,"href":"https:\/\/cerogradorefrigeracion.cl\/index.php?rest_route=%2Fwp%2Fv2%2Fcomments&post=627"}],"wp:featuredmedia":[{"embeddable":true,"href":"https:\/\/cerogradorefrigeracion.cl\/index.php?rest_route=\/wp\/v2\/media\/309"}],"wp:attachment":[{"href":"https:\/\/cerogradorefrigeracion.cl\/index.php?rest_route=%2Fwp%2Fv2%2Fmedia&parent=627"}],"wp:term":[{"taxonomy":"product_brand","embeddable":true,"href":"https:\/\/cerogradorefrigeracion.cl\/index.php?rest_route=%2Fwp%2Fv2%2Fproduct_brand&post=627"},{"taxonomy":"product_cat","embeddable":true,"href":"https:\/\/cerogradorefrigeracion.cl\/index.php?rest_route=%2Fwp%2Fv2%2Fproduct_cat&post=627"},{"taxonomy":"product_tag","embeddable":true,"href":"https:\/\/cerogradorefrigeracion.cl\/index.php?rest_route=%2Fwp%2Fv2%2Fproduct_tag&post=627"}],"curies":[{"name":"wp","href":"https:\/\/api.w.org\/{rel}","templated":true}]}}